 41. What is the greatest common divisor of 18 and m?
9
Let u(i) = -46*i - 472. Let t be u(-11). What is the highest common factor of t and 1394?
34
Suppose -210 = -2*x - 0*m - 5*m, -3*x + 290 = -5*m. Let s = 150 - 110. Suppose 6*b - 5*b = s. What is the highest common divisor of b and x?
20
Let z = -17046 + 17451. What is the greatest common factor of 1458 and z?
81
Let m = 5 + 133. Let h = m + -130. Calculate the highest common factor of h and 72.
8
Let t = -156 - -171. Suppose t*i - 204 = -2*i. Calculate the highest common factor of 8 and i.
4
Suppose -4*g + 2200 = g. Let k = 42 - 46. Let d be 1/(-4) + (-221)/k. Calculate the highest common factor of d and g.
55
Let l(t) = -t - 22*t - 1 - 5 + 3. Let p be l(-5). Let k(f) = f**2 - 10*f - 359. Let d be k(25). Calculate the highest common divisor of d and p.
16
Suppose 0*f - r = -f + 21, 4*r = -3*f + 42. Suppose 14*y + 5*y - 2280 = 0. Let x = y - 111. Calculate the greatest common factor of f and x.
9
Suppose 7*t - 675 = 2*t. Let o(w) = w**3 + 2*w**2 - 4*w - 2. Let r be o(-5). Let k = -42 - r. Calculate the greatest common factor of k and t.
15
Let k = -551 - -1413. Let m = -849 + k. What is the highest common divisor of 13 and m?
13
Suppose -2*m + 139 - 13 = 4*s, 4*s - m = 135. What is the greatest common factor of s and 572?
11
Let m be (-1976)/39*(-5 + (-26)/8). Calculate the highest common factor of 304 and m.
38
Suppose u + 10307 = 5*q, 3*u - 13965 = -5*q - 3666. What is the highest common divisor of 18 and q?
9
Let x(y) = -409*y - 2040. Let c be x(-5). What is the highest common factor of 6080 and c?
5
Suppose -3*v + 28 = 4*v, 20 = 4*k + 5*v. Suppose -19*h + 11 + 84 = k. What is the highest common factor of h and 80?
5
Let w(s) = s**3 - 11*s**2 + 49*s - 615. Let u be w(13). Calculate the highest common factor of u and 927.
9
Let j(w) = w**2 + w - 1079. Let c be j(34). What is the greatest common divisor of 370 and c?
37
Let j = 8422 + -8377. What is the greatest common divisor of j and 2610?
45
Let g be 3968/6 + 120/72. Calculate the highest common divisor of g and 156.
39
Let x be 0 - (6/(-7))/(1/35). Let q = 1285 - 1210. Calculate the greatest common factor of x and q.
15
Let d be 7/(-28)*10 - (-41)/2. Suppose 3*s - 26 = -5*c, -4*s - 4*c + 22 + d = 0. What is the highest common factor of s and 84?
12
Let d(s) = 7*s**2 - 157*s + 1002. Let i be d(7). What is the highest common divisor of i and 54?
6
Let i = -23929 + 31447. What is the highest common divisor of 84 and i?
42
Let s(f) = 91*f + 183. Let n be s(-2). Suppose -4*t - 5*g + 4*g = -34, 4*t - 26 = 3*g. What is the highest common divisor of t and n?
1
Let j = 34 + -16. Let o(f) = -f**3 + 35*f**2 - 94*f - 28. Let l be o(32). What is the greatest common divisor of j and l?
18
Suppose 3*j - 45 = -0*j. Let b(i) = 3*i**2 + 39*i - 24. Let r be b(-16). What is the greatest common divisor of r and j?
15
Suppose -204*d - 32082 + 1144481 = 68939. Calculate the greatest common divisor of 22 and d.
11
Let z(i) = -5*i + 72. Let s be z(-24). Suppose 0 = 31*m - 37*m + s. What is the greatest common divisor of 144 and m?
16
Suppose 0 = 9*b - 1 + 19. Let n be 0 + b/11 + 4758/33. Suppose -4*v + 3*w = -188, 3*v - 5*w - n = -2*w. Calculate the highest common factor of v and 4.
4
Let h be -1152*4*((9 - 12) + -6 + 8). Calculate the greatest common divisor of h and 108.
36
Let t(x) = -8*x**3 - 5*x**2 - 4*x + 2. Let o be t(-3). Calculate the greatest common divisor of o and 80.
5
Suppose 9700*x - 9668*x = 103680. What is the highest common divisor of 1134 and x?
162
Suppose -18*w + 29 = a - 13*w, 0 = -w + 5. Suppose 3*j - 1 - 11 = 0. Calculate the greatest common factor of j and a.
4
Let l = -195 + -345. Let p = l + 585. Let y be (-29)/(-1) - (1 + -2). What is the highest common factor of p and y?
15
Suppose 143 = 5*q - 497. Suppose 0 = -q*s + 127*s + 6. What is the greatest common divisor of 8 and s?
2
Let n(i) = 24*i**2 + 48*i + 473. Let m be n(33). Calculate the highest common divisor of m and 121.
121
Suppose -5*a + 4*k + 1717 = 0, a - 5*k - 139 = 196. Let l = -193 + a. Calculate the highest common factor of 19 and l.
19
Let j be ((-184)/20 + 11)/((-32)/35 + 1). Let t = 2 + 187. What is the greatest common divisor of j and t?
21
Suppose 89 = v + w + 35, 0 = w - 4. Suppose -c + v - 37 = 0. Calculate the highest common factor of 39 and c.
13
Let h = -58 + 61. Suppose 29 - 83 = -h*t. Suppose -t - 50 = -4*f. What is the highest common factor of f and 136?
17
Let z(x) = -2*x**3 - 16*x**2 - 8*x - 7. Let v be z(-8). Suppose q + 0*u = -5*u + v, u = q - 27. Calculate the highest common factor of 2 and q.
2
Suppose 1045 = 3*i + g, 488*g + 335 = i + 491*g. Calculate the greatest common divisor of i and 1162.
14
Let k be 84/30*(-675)/(-30). Calculate the highest common divisor of k and 3087.
63
Let c be 11537 - 110/(13 - 2) - (-4 + -1). What is the highest common divisor of c and 124?
124
Suppose -5*k + 5*h = -28890, 36*h - 37*h = 3. Calculate the highest common divisor of k and 42.
21
Suppose -z + 42 = -3*f, 0*z = 2*z - 3*f - 72. Let x be -5*(2 - (-32)/(-20)) - 219. Let i = x - -266. Calculate the greatest common factor of i and z.
15
Suppose 12*h - 17*h = 0. Suppose -3*l + 346 = 5*t, h = 5*t + 20 - 15. Calculate the highest common factor of 18 and l.
9
Let f(i) = -5*i**2 + 6*i - 9. Let j(p) = -22*p**2 + 24*p - 36. Let k(c) = -9*f(c) + 2*j(c). Let r be k(4). What is the highest common factor of 11 and r?
1
Suppose x - 4*i = -2*i + 5314, 4*x - 2*i = 21262. What is the greatest common divisor of x and 12?
12
Suppose j + 63 = 4*j + 9. What is the highest common divisor of 1314 and j?
18
Let z = -8284 - -8408. What is the greatest common factor of z and 775?
31
Let h = -348 - -353. Suppose -1 = -3*a + 4*n + n, -5*a + 5*n = -h. What is the highest common factor of a and 14?
2
Let q be 3/(-6)*9*(-10)/3. Let y = 24 + q. What is the greatest common divisor of y and 91?
13
Let u = -2952 + 2968. Let v = 88 - 87. Calculate the greatest common factor of u and v.
1
Let p be 2 + (4 - -2) + -6. Calculate the highest common factor of p and 131.
1
Let i = -24646 + 25702. What is the greatest common divisor of 231 and i?
33
Let o(a) = -3*a**3 - 74*a**2 - 30*a + 58. Let s be o(-24). Let l = 384 + s. What is the greatest common divisor of 55 and l?
5
Suppose 93*r - r = 190164. What is the greatest common factor of 39 and r?
39
Suppose 239*l = 233*l + 1440. Let v be 92120/l - 2/(-12). What is the highest common factor of 64 and v?
64
Let c be (-10220)/(-3 - -23)*(-74)/7. What is the greatest common factor of c and 74?
74
Let h be 2*-5 - (-3386 - -93). What is the greatest common divisor of h and 49?
49
Let m = 229 + -17. Suppose -2*i - 2*v - 3*v + 130 = 0, -v = -3*i + m. Calculate the highest common divisor of i and 42.
14
Let n = 21792 + -20089. Calculate the greatest common factor of n and 1.
1
Suppose 2*m + 5*o + 525 = 0, -3*m + 5*o = m + 975. Let f = 390 + m. Suppose -f = -4*j - 4*x, 2*j - x + 65 = 4*j. What is the highest common factor of j and 45?
15
Let k(i) = -i**2 - 27*i + 506. Let h be k(-37). What is the greatest common factor of 221 and h?
17
Let w(t) be the first derivative of -113*t**2/2 - 14*t - 219. Let r be w(-1). Calculate the highest common divisor of r and 88.
11
Let n(q) = 318*q + 5202. Let v be n(-15). What is the greatest common factor of 420 and v?
12
Suppose 193 = 3*m + 3*l - 299, 0 = 5*m - 4*l - 802. Calculate the greatest common divisor of 144 and m.
18
Let d be -144 + 1/(-1) + 2. Let m = 3665 - 3903. Let z = d - m. Calculate the greatest common divisor of 38 and z.
19
Suppose 3*z = -2*r + 210, 1011*r - 1010*r - 108 = -2*z. What is the greatest common factor of r and 3104?
32
Let o = 13 - 13. Let i be (1 + o)*390/13. Let p(d) = -d**3 + 38*d**2 - 35*d - 54. Let f be p(37). What is the greatest common factor of f and i?
10
Let y = -567 - -1100. Let i be 27/216 - 8502/(-208). Calculate the highest common factor of y and i.
41
Suppose -3*q + 2*j - 36 = 0, 0 = 6*j - j. Let y be (-2)/8 + (-123)/q. What is the greatest common divisor of 35 and y?
5
Let f = -1 - -1. Let q(a) = 28*a + 301. Let w be q(-10). Suppose -6*c + 4*c + 4*i + 36 = f, 0 = 2*c - i - w. What is the highest common divisor of 24 and c?
8
Let a = 3201 + -3061. Calculate the greatest common divi